{"id":5,"date":"2020-03-27T11:30:02","date_gmt":"2020-03-27T16:30:02","guid":{"rendered":"https:\/\/www.ccayl.com\/?page_id=5"},"modified":"2020-04-02T10:32:43","modified_gmt":"2020-04-02T15:32:43","slug":"horizonte-institucional","status":"publish","type":"page","link":"https:\/\/www.ccayl.com\/ccayl\/horizonte-institucional\/","title":{"rendered":"HORIZONTE INSTITUCIONAL"},"content":{"rendered":"\n<h2 class=\"wp-block-heading\"><a>MISION<\/a><\/h2>\n\n\n\n<p>La misi\u00f3n del<strong> <\/strong> <strong>COLEGIO ARTES Y LETRAS<\/strong>   es educar a ni\u00f1as y ni\u00f1os en edad preescolar y b\u00e1sica primaria\u00a0 de forma integral, bas\u00e1ndose en la pedagog\u00eda por proyectos, adem\u00e1s busca implementar los valores, derechos y deberes del ni\u00f1o para promover un pensamiento independiente y aut\u00f3nomo; la adquisici\u00f3n de competencias ciudadanas es fundamental en la filosof\u00eda institucional pues el prop\u00f3sito es orientar para la vida. Fortaleciendo la convivencia, promoviendo el talento de los estudiantes en diferentes \u00e1reas como el deporte, habilidades art\u00edsticas, resoluci\u00f3n de problemas e ingl\u00e9s como segunda lengua. <\/p>\n\n\n\n<h2 class=\"wp-block-heading\"><a>VISION<\/a><\/h2>\n\n\n\n<p>Para el 2023 <strong>COLEGIO ARTES Y LETRAS<\/strong> debe ser una instituci\u00f3n destacada en el sector educativo a nivel municipal y nacional mediante la implementaci\u00f3n del proyecto pedag\u00f3gico orientado a la formaci\u00f3n de ni\u00f1as y ni\u00f1os, ejemplares y seguros de s\u00ed mismos; adem\u00e1s de brindar un espacio adecuado y optimo donde nuestros estudiantes puedan potencializar sus procesos de aprendizaje, para que en el futuro sean mujeres y hombres de bien.<\/p>\n\n\n\n<h2 class=\"wp-block-heading\"><a>PRINCIPIOS<\/a><\/h2>\n\n\n\n<p>Los\nprincipios que orientan a KINDER GARDEN ARTES Y LETRAS son:<\/p>\n\n\n\n<ul class=\"wp-block-list\"><li>Facilitar el acceso de ni\u00f1os y ni\u00f1as a la educaci\u00f3n\n     en los grados de preescolar y primaria, form\u00e1ndolos en el respeto por los\n     valores fundamentales con el fin de orientarlos para la vida.<\/li><li>Promover el mejoramiento de los ni\u00f1os y las ni\u00f1as de\n     <strong>K\u00ednder Garden&nbsp; &nbsp;Artes y Letras<\/strong> generando ambientes apropiados para el\n     desarrollo&nbsp; f\u00edsico, \u00e9tico, moral e\n     intelectual.<\/li><li>Estimular y apoyar a la participaci\u00f3n de todos los\n     miembros de la comunidad en los proyectos pedag\u00f3gicos, sociales,\n     actividades especiales y de formas de participaci\u00f3n que contribuyan con el\n     desarrollo de la autonom\u00eda. <\/li><li>K\u00ednder Garden Artes y Letras tiene el compromiso de\n     ser una instituci\u00f3n educativa que genere un ambiente competitivo propicio\n     para la formaci\u00f3n integral de los ni\u00f1os y ni\u00f1as; conservando el respeto\n     por la identidad propia y del otro.<\/li><li>Los docentes del K\u00ednder Garden Artes y Letras deben\n     reflexionar acerca de su labor pedag\u00f3gica y crear estrategias de mejora\n     que permitan brindarle a los ni\u00f1os y las ni\u00f1as una educaci\u00f3n adecuada,\n     enfocada en desarrollar en los ni\u00f1os aprendizajes significativos.<\/li><li>Los docentes de K\u00ednder Garden Artes y Letras deben\n     indagar y profundizar en los procesos investigativos de manera aut\u00f3noma\n     con el fin de manejar su desempe\u00f1o profesional.<\/li><\/ul>\n\n\n\n<h2 class=\"wp-block-heading\"><a>Principios Filos\u00f3ficos<\/a><\/h2>\n\n\n\n<p>Todo planeamiento para alcanzar los objetivos\ntrazados&nbsp; por la sociedad\n&nbsp;en todas sus manifestaciones; de acuerdo con lo fines de &nbsp;la educaci\u00f3n&nbsp;&nbsp; &nbsp;propuestos por la Ley\n&nbsp;115 &nbsp;de\n&nbsp;1994, &nbsp;K\u00cdNDER GARDEN ARTES Y LETRAS &nbsp;se&nbsp; apropia &nbsp;de\n&nbsp;los siguientes:<\/p>\n\n\n\n<ul class=\"wp-block-list\"><li>El pleno desarrollo de la personalidad sin m\u00e1s limitaciones que las que le imponen los derechos de los dem\u00e1s.<\/li><\/ul>\n\n\n\n<ul class=\"wp-block-list\"><li>La formaci\u00f3n en el respeto a la vida y\na los\ndem\u00e1s derechos humanos, a la paz, a los principios democr\u00e1ticos y &nbsp;de convivencia.<\/li><\/ul>\n\n\n\n<ul class=\"wp-block-list\"><li>La formaci\u00f3n en el respeto a la autoridad leg\u00edtima y a la ley, a la cultura nacional, a la historia colombiana y a los s\u00edmbolos patrios.<\/li><\/ul>\n\n\n\n<ul class=\"wp-block-list\"><li>El acceso\nal conocimiento, la ciencia, la t\u00e9cnica y dem\u00e1s bienes y valores\nde la cultura.<\/li><\/ul>\n\n\n\n<ul class=\"wp-block-list\"><li>La adquisici\u00f3n de una conciencia para la conservaci\u00f3n, protecci\u00f3n&nbsp; &nbsp;y mejoramiento del medio ambiente, de la calidad de vida, del uso racional de los recursos naturales, de la prevenci\u00f3n de desastres dentro de una cultura ecol\u00f3gica<\/li><\/ul>\n\n\n\n<p>Por lo tanto educar es ayudar al desarrollo, a la formaci\u00f3n de la personalidad \u00edntegra del ser humano, ya sea\nni\u00f1o, adolescente, joven, &nbsp;adulto,\n\u00fanico e irrepetible; siempre\nen proceso de llegar a ser, de &nbsp;pasar\n&nbsp;de su imperfecci\u00f3n a la perfecci\u00f3n de afirmarse como persona humana, por ellos el\nlema del jard\u00edn es:&nbsp; <\/p>\n\n\n\n<p><strong><em>\u201c<\/em><\/strong><strong><em>orientar para la vida<\/em><\/strong><strong><em>\u201d<\/em><\/strong><\/p>\n\n\n\n<p>La inclusi\u00f3n educativa <\/p>\n\n\n\n<p>Se ve como el proceso de identificar y responder\na la diversidad de las necesidades de todos los estudiantes a trav\u00e9s de la\nmayor participaci\u00f3n en el aprendizaje, las culturas y las comunidades, y\nreduciendo la exclusi\u00f3n en la educaci\u00f3n. Involucra cambios y modificaciones en\ncontenidos, aproximaciones, estructuras y estrategias, con una visi\u00f3n com\u00fan que\nincluye a todos los ni\u00f1o\/as del rango de edad apropiado y la convicci\u00f3n de que\nes la responsabilidad del sistema regular, educar a todos los ni\u00f1o\/as \u00a8<br>\n<br>\nSe basa en el principio de que cada ni\u00f1o\/a tiene\ncaracter\u00edsticas, intereses, capacidades y necesidades de aprendizaje distintos\ny deben ser los sistemas educativos los que est\u00e1n dise\u00f1ados, y los programas\neducativos puestos en marcha, teniendo en cuenta la amplia diversidad de dichas\ncaracter\u00edsticas y necesidades.<strong><em><\/em><\/strong><\/p>\n\n\n\n<p><strong>Justicia, paz\ny democracia<\/strong><\/p>\n\n\n\n<p>Atendiendo al cumplimiento de la normatividad\ngeneral de nuestro pa\u00eds, se hace necesario implementar un programa educativo\nfrente a las normas b\u00e1sicas de tr\u00e1nsito para \u201cfomentar en la instituci\u00f3n\neducativa, practicas de la organizaci\u00f3n ciudadana para estimular la autonom\u00eda y\nla responsabilidad (art.13, Ley 115\/94)\u201d. En el Colegio Nueva York se\ndesarrollan estrategias educativas para el aprendizaje y fortalecimiento de la\ncultura de respeto y el ser un mejor ciudadano.<\/p>\n","protected":false},"excerpt":{"rendered":"<p>MISION La misi\u00f3n del COLEGIO ARTES Y LETRAS es educar a ni\u00f1as y ni\u00f1os en edad preescolar y b\u00e1sica primaria\u00a0 de forma integral, bas\u00e1ndose en la pedagog\u00eda por proyectos, adem\u00e1s busca implementar los valores, derechos y deberes del ni\u00f1o para promover un pensamiento independiente y aut\u00f3nomo; la adquisici\u00f3n de competencias ciudadanas es fundamental en la [&hellip;]<\/p>\n","protected":false},"author":1,"featured_media":0,"parent":0,"menu_order":0,"comment_status":"closed","ping_status":"closed","template":"","meta":{"footnotes":""},"class_list":["post-5","page","type-page","status-publish","hentry"],"_links":{"self":[{"href":"https:\/\/www.ccayl.com\/ccayl\/wp-json\/wp\/v2\/pages\/5","targetHints":{"allow":["GET"]}}],"collection":[{"href":"https:\/\/www.ccayl.com\/ccayl\/wp-json\/wp\/v2\/pages"}],"about":[{"href":"https:\/\/www.ccayl.com\/ccayl\/wp-json\/wp\/v2\/types\/page"}],"author":[{"embeddable":true,"href":"https:\/\/www.ccayl.com\/ccayl\/wp-json\/wp\/v2\/users\/1"}],"replies":[{"embeddable":true,"href":"https:\/\/www.ccayl.com\/ccayl\/wp-json\/wp\/v2\/comments?post=5"}],"version-history":[{"count":3,"href":"https:\/\/www.ccayl.com\/ccayl\/wp-json\/wp\/v2\/pages\/5\/revisions"}],"predecessor-version":[{"id":154,"href":"https:\/\/www.ccayl.com\/ccayl\/wp-json\/wp\/v2\/pages\/5\/revisions\/154"}],"wp:attachment":[{"href":"https:\/\/www.ccayl.com\/ccayl\/wp-json\/wp\/v2\/media?parent=5"}],"curies":[{"name":"wp","href":"https:\/\/api.w.org\/{rel}","templated":true}]}}